-8) - g/(-4)?
0
Let o = 2 + -12. Let m = -2308 + 2339. What is the remainder when m is divided by ((-24)/o)/(3/20)?
15
Let o(d) be the first derivative of d**4/4 - 8*d**3/3 + 5*d**2/2 + 2*d - 12. What is the remainder when o(8) is divided by (-1)/(-2 - (-21)/11)?
9
Suppose -4*i - 2*n - 12 = 0, 0*i - 3*n - 14 = 2*i. Let c be (i + (-9)/(-6))*232. Calculate the remainder when 55 is divided by 2/(c/56 - 2).
27
Suppose 0 = -2*l + 2*c + c + 47, 2*l - 54 = -4*c. Let n be ((-12)/(-8) + -2)*74. Let h = 50 + n. What is the remainder when l is divided by h?
12
Let i(q) = -7*q**2 - 2*q - 3. Let a be i(3). Let v = a - -140. Calculate the remainder when 8 is divided by v/12 + (-6)/9.
3
Let v(z) = 28*z**2 + 160*z - 10. Calculate the remainder when v(-6) is divided by 16.
6
Let h = -14 + 36. Suppose t = -7 + 44. Suppose v = -3*l + t, 3*l - 7*l + 164 = 4*v. Calculate the remainder when v is divided by h.
21
Let w = 1903 - 1878. What is the remainder when w is divided by 5 - -12 - (2 - 0)?
10
Suppose -2*y - 2*r = -80, 0 = -16*y + 18*y + 4*r - 92. What is the remainder when (1/(-1))/(1/(-165)) is divided by y?
29
Let j(d) = d**3 + 7*d**2 - 13*d - 42. What is the remainder when 241 is divided by j(-7)?
45
Suppose 798 = -805*k + 811*k. Calculate the remainder when 274 is divided by k.
8
Let a = 2918 - 2916. Calculate the remainder when 45 is divided by a.
1
Suppose -4*v - 3 = 37. Let j be 182/10 + 2/v. What is the remainder when j/(-12)*(-122)/3 is divided by 21?
19
Let x be -5 - 5 - (-1 - -1). Let s be (-84)/x - 6/15. Calculate the remainder when 5 is divided by (-5)/2*s/(-5).
1
Let l(h) = -811*h + 5. What is the remainder when l(-1) is divided by 63?
60
Suppose 2*s + s - 15 = 0. Suppose -3 = 2*o - s*v, -3*o + 2*v + 28 = v. Let f = o + -9. Calculate the remainder when 3 is divided by f.
1
Let w(a) = -27*a - 4. What is the remainder when w(-3) is divided by 33?
11
What is the remainder when 29 is divided by -1 - -2 - 120/(-8 - -3)?
4
Suppose -3*q = -6*q + 72. Suppose -d = s - 14, 2*d - 14 = 3*s + q. What is the remainder when d is divided by 5?
1
Let x = -384 + 417. What is the remainder when 193 is divided by x?
28
Let l be (-4 + 8)*((-93)/6 - 1). What is the remainder when 49 is divided by l/(-4) + (45/(-10))/(-9)?
15
Suppose 3*w = -w + 20. Suppose 0 = 11*h - 183 - 81. Suppose -h*j + 68 = -7*j. Calculate the remainder when w is divided by j.
1
Suppose -t - 2*t - 3 = 0. Calculate the remainder when t/((-4)/(-14) - 87/231) is divided by (-2)/(-1*(-2)/(-3)).
2
Suppose 4*y = -5*h + 161, -3*y = -5*h - 2*y + 141. What is the remainder when 25/10*-23*(-11 + 9) is divided by h?
28
Let d = -643 - -672. Calculate the remainder when 159 is divided by d.
14
Let f = 1353 - 1329. Calculate the remainder when 343 is divided by f.
7
Suppose w + k = 43, 2*w = w + 4*k + 43. Let t(d) = -205 + 16*d**2 + 4*d - d + 207. Calculate the remainder when w is divided by t(-1).
13
Let n(l) = 29*l**3 - 2*l**2 + 3*l**2 - l - l**2. What is the remainder when n(1) is divided by 15?
13
Let v(f) = -14*f + 7. Let a be v(2). Let c = -47 - a. Let j = c - -30. Calculate the remainder when 11 is divided by j.
3
Suppose 2*f = 0, 0 = 40*z - 37*z - 5*f - 1293. Calculate the remainder when z is divided by 6.
5
Let p = -11 + 31. Suppose 0 = -0*h + 4*h - p. Suppose h*b - 18 = 37. What is the remainder when 32 is divided by b?
10
Let y(k) = k**3 - 10*k**2 - 9*k - 4. Let n(w) = 4*w - 39. Calculate the remainder when n(27) is divided by y(11).
15
Let t = 59 - 34. What is the remainder when (-9 - (-208)/(-20))*5/(-1) is divided by t?
22
What is the remainder when 5 + (-7254)/(-91) - 2/(-7) is divided by 15?
10
What is the remainder when 452/4 + 2 + 1 is divided by 31?
23
Suppose 259 = -36*s + 1519. What is the remainder when 81 is divided by s?
11
Suppose -2*x + 11 + 10 = 5*b, -2*x - 2*b + 24 = 0. What is the remainder when 62 is divided by x?
10
Suppose 901 = 3*f + 4*m, 2*f = -f + 3*m + 894. What is the remainder when f is divided by 10?
9
Let w(x) = 3*x**2 + 1. Suppose 2*u + 3*t - 1 + 3 = 0, 5*t + 6 = -2*u. Let a = 6 - u. Calculate the remainder when w(a) is divided by 26.
23
Let s(p) = p**2 - 22*p - 27. Calculate the remainder when 74 is divided by s(24).
11
Suppose 57 = 5*w - 38. Suppose 30 = 3*b + 5*k, -3*k + 29 = 4*b - 0*k. Calculate the remainder when w is divided by b.
4
Suppose i + 3*k = -3*i + 9, 0 = 2*i - 3*k + 9. Suppose 31*s - 30*s - 22 = i. Calculate the remainder when 38 is divided by s.
16
Let f(l) be the second derivative of -19*l**5/5 - l**4/12 - l**3/6 - l**2/2 - 18*l. What is the remainder when f(-1) is divided by 39?
36
Let r(h) be the third derivative of h**5/30 - 5*h**4/12 + 13*h**3/6 - 11*h**2. What is the remainder when 49 is divided by r(5)?
10
Suppose -8*o = -13*o + m + 279, 5*m - 5 = 0. What is the remainder when o is divided by 12?
8
Suppose 18*i - 23*i + 110 = 0. Suppose 0 = 4*s + 2*n + 3*n - 343, 5*n = 3*s - 231. What is the remainder when s is divided by i?
16
Let k = 4 - 0. Suppose -6 - k = -5*b. Suppose h - b*h - 162 = -5*m, -m = 2*h - 39. What is the remainder when m is divided by 12?
9
Let p = -605 + 660. Let w = -52 - -139. Suppose 0 = 5*c - 0*c + 4*s - w, 84 = 4*c - 4*s. What is the remainder when p is divided by c?
17
Suppose 3*n + 6 = 9*n. Calculate the remainder when (n/(-3))/(5/(-870)) is divided by 20.
18
Suppose 0 = n - 4 - 10. Calculate the remainder when 444 is divided by n.
10
Let w be (-8)/(-12)*(-3 - -5)*6. Suppose -c + 24 = -5*q + w, -2*c - 4*q + 88 = 0. What is the remainder when c is divided by 11?
3
Suppose -225 = 6*l - 31*l. Calculate the remainder when 43 is divided by l.
7
Let d = 157 + -160. Let j(s) = 11*s + 49. What is the remainder when 111 is divided by j(d)?
15
Let g(r) = 2*r**2 + 5*r - 2. Let y = -24 - -28. What is the remainder when g(y) is divided by 17?
16
Let z = 23 + -16. Let b(r) = -r**3 + 7*r**2 + 2*r - 2. Suppose -4*d + 48 + 96 = -4*l, 5*l - 18 = -d. What is the remainder when d is divided by b(z)?
9
Let g(y) = 53*y**2 + 6*y + 16. What is the remainder when g(-3) is divided by 68?
67
Let s = -50 + 114. Suppose j + 3*c - 8 = 0, 2*c = 5*j + 14 - 105. What is the remainder when s is divided by j?
13
Suppose 4*t - 3*c - 4 = 35, -4*t = 2*c - 34. Let w be (t - -1)*(-2)/(-2). Let n = w + 6. Calculate the remainder when n is divided by 6.
4
Suppose 3*m + z - 43 = 0, -4*m + 46 + 14 = 4*z. Calculate the remainder when -1*(-2)/(-10) - 1233/(-15) is divided by m.
12
Suppose -451*p + 432*p + 8474 = 0. Calculate the remainder when p is divided by 16.
14
Suppose w + 2 = 0, 6*b - 52 = 5*b + 2*w. Calculate the remainder when 235 is divided by b.
43
What is the remainder when 5 is divided by (2 + 1)/(-2 - (-7)/2)?
1
Suppose -3*s + 222 = 3*w, 4*s + 78 + 109 = 3*w. Let u = 75 - w. What is the remainder when 15 is divided by u?
3
Let q = 40 + -21. Calculate the remainder when 0 + 110 + (1 - -2) is divided by q.
18
Let j(w) = -w**2 - 4*w + 6. Let k be j(-6). Let c(x) = -28*x + 12. Let o be c(k). What is the remainder when 17 is divided by 9/(-21) + o/28?
5
Let d = 10 - 2. Suppose 5*b - 3*b = d, -2*w = b. Calculate the remainder when w/(-5) - (-263)/5 is divided by 18.
17
Suppose -11*x = -27 - 105. What is the remainder when 33 is divided by x?
9
Suppose 5*n - 24 = -9, 16 = 5*r + 2*n. Suppose 2*b + 4*g = 20, -1 = -b - g + 6. Suppose 2*c = b*c - 18. What is the remainder when c is divided by r?
1
Let g = -67 + 98. Suppose -g = -5*x - 6. Calculate the remainder when 39 is divided by x.
4
Let s = 126 - 106. Calculate the remainder when 136 is divided by s.
16
Let k(x) = 5*x - 19. Let j be k(4). Let y(s) = 3*s**2 + 2*s - 2. What is the remainder when 17 is divided by y(j)?
2
What is the remainder when 200 is divided by 3 - (9 + -4) - -69?
66
Suppose 8*u + a = 3*u + 4466, -2*u - a = -1784. What is the remainder when u is divided by 13?
10
Calculate the remainder when 196 is divided by (-1 - -17) + -9 + 4.
9
What is the remainder when 66 is divided by ((-14)/(-63))/(2/72)?
2
Suppose -t - 4*c + 7 = 0, 4*t - 2*c = 3*c + 28. What is the remainder when (-6)/(-2) + (16 - 0) is divided by t - (-4)/(8/(-2))?
1
Let y be (-6)/(-15) + 2/(-5). Suppose 111 = 3*j + 2*n - y*n, -5*j + 3*n + 166 = 0. What is the remainder when j is divided by 18?
17
Let v(j) = j**2 - 4*j - 14. Let